{"id":9,"date":"2020-11-06T17:59:53","date_gmt":"2020-11-06T17:59:53","guid":{"rendered":"https:\/\/sps-wila-turbenthal.ch.genti.ch\/?page_id=9"},"modified":"2024-07-16T15:05:41","modified_gmt":"2024-07-16T15:05:41","slug":"ueber-uns","status":"publish","type":"page","link":"https:\/\/sps-wila-turbenthal.ch\/?page_id=9","title":{"rendered":"\u00dcber uns"},"content":{"rendered":"\n<p>Wir sind ein Verein, der das sportliche Schie\u00dfen auf 10 m Luftgewehr und 50 m Kleinkaliber aus\u00fcbt. Mit 10 lizenzierten Aktiven und 14 Jugendlichen sind wir ein mittelgro\u00dfer Verein, welcher dem Z\u00fcrcher Schiesssportverband (ZHSV) angeschlossen ist. Bei uns ist der \u00e4lteste Sch\u00fctze mit Jahrgang 1930 mit gleichem Elan bei der Sache wie unser j\u00fcngstes Mitglied mit Jahrgang 2007 (Luftgewehr 10m). Die Jugendausbildung wird bei uns gro\u00dfgeschrieben. Der Nachwuchs wird jeweils zweimal w\u00f6chentlich von J + S Leitern trainiert und in der Kunst des Spiesssportes gef\u00f6rdert. Am Mittwoch trainieren die Aktiven von 17.00 Uhr bis 20.00 Uhr auf unserem Schiesstand, der mit Flutlicht und elektronischen Trefferanzeigen ausgestattet ist. Wir bestreiten Heimwettk\u00e4mpfe, die Gruppenmeisterschaft und der schweizerische Mannschaftswettkampf. Die Sportsch\u00fctzen Wila-Turbenthal treten auch an ausw\u00e4rtigen Schiessanl\u00e4ssen an und k\u00f6nnen kantonal wie auch national in den vorderen R\u00e4ngen mithalten. Resultate und Erfolge werden laufend auf unserer Homepage publiziert. Zweimal j\u00e4hrlich (Januar und September) f\u00fchren die Sportsch\u00fctzen Wila- Turbenthal das Volksschiessen durch. An diesen Anl\u00e4ssen stellen wir der breiten Bev\u00f6lkerung unseren Sport vor und geben ihr Gelegenheit, selber ein Sportger\u00e4t in die Hand zu nehmen. Viele sind \u00fcberrascht, wie anspruchsvoll das Sportschiessen ist. Ohne Konzentration, Kondition und Gleichgewicht zwischen K\u00f6rper und Geist ist es unm\u00f6glich, sich in den vorderen R\u00e4ngen zu platzieren.<\/p>\n\n\n\n<figure class=\"wp-block-image size-large\"><img loading=\"lazy\" decoding=\"async\" width=\"615\" height=\"149\" src=\"https:\/\/sps-wila-turbenthal.ch\/wp-content\/uploads\/2020\/11\/Teamwork.png\" alt=\"\" class=\"wp-image-102\" srcset=\"https:\/\/sps-wila-turbenthal.ch\/wp-content\/uploads\/2020\/11\/Teamwork.png 615w, https:\/\/sps-wila-turbenthal.ch\/wp-content\/uploads\/2020\/11\/Teamwork-300x73.png 300w\" sizes=\"auto, (max-width: 615px) 100vw, 615px\" \/><\/figure>\n\n\n\n<h2 class=\"wp-block-heading\"><\/h2>\n","protected":false},"excerpt":{"rendered":"<p>Wir sind ein Verein, der das sportliche Schie\u00dfen auf 10 m Luftgewehr und 50 m Kleinkaliber aus\u00fcbt. Mit 10 lizenzierten Aktiven und 14 Jugendlichen sind wir ein mittelgro\u00dfer Verein, welcher dem Z\u00fcrcher Schiesssportverband (ZHSV) angeschlossen ist. Bei uns ist der \u00e4lteste Sch\u00fctze mit Jahrgang 1930 mit gleichem Elan bei der Sache wie unser j\u00fcngstes Mitglied &hellip; <\/p>\n<p class=\"link-more\"><a href=\"https:\/\/sps-wila-turbenthal.ch\/?page_id=9\" class=\"more-link\"><span class=\"screen-reader-text\">\u201e\u00dcber uns\u201c <\/span>weiterlesen<\/a><\/p>\n","protected":false},"author":1,"featured_media":45,"parent":0,"menu_order":0,"comment_status":"closed","ping_status":"closed","template":"","meta":{"footnotes":""},"class_list":["post-9","page","type-page","status-publish","has-post-thumbnail","hentry"],"jetpack_sharing_enabled":true,"_links":{"self":[{"href":"https:\/\/sps-wila-turbenthal.ch\/index.php?rest_route=\/wp\/v2\/pages\/9","targetHints":{"allow":["GET"]}}],"collection":[{"href":"https:\/\/sps-wila-turbenthal.ch\/index.php?rest_route=\/wp\/v2\/pages"}],"about":[{"href":"https:\/\/sps-wila-turbenthal.ch\/index.php?rest_route=\/wp\/v2\/types\/page"}],"author":[{"embeddable":true,"href":"https:\/\/sps-wila-turbenthal.ch\/index.php?rest_route=\/wp\/v2\/users\/1"}],"replies":[{"embeddable":true,"href":"https:\/\/sps-wila-turbenthal.ch\/index.php?rest_route=%2Fwp%2Fv2%2Fcomments&post=9"}],"version-history":[{"count":7,"href":"https:\/\/sps-wila-turbenthal.ch\/index.php?rest_route=\/wp\/v2\/pages\/9\/revisions"}],"predecessor-version":[{"id":446,"href":"https:\/\/sps-wila-turbenthal.ch\/index.php?rest_route=\/wp\/v2\/pages\/9\/revisions\/446"}],"wp:featuredmedia":[{"embeddable":true,"href":"https:\/\/sps-wila-turbenthal.ch\/index.php?rest_route=\/wp\/v2\/media\/45"}],"wp:attachment":[{"href":"https:\/\/sps-wila-turbenthal.ch\/index.php?rest_route=%2Fwp%2Fv2%2Fmedia&parent=9"}],"curies":[{"name":"wp","href":"https:\/\/api.w.org\/{rel}","templated":true}]}}